{"id":318,"date":"2024-08-31T12:48:29","date_gmt":"2024-08-31T10:48:29","guid":{"rendered":"https:\/\/jankotka.se\/?page_id=318"},"modified":"2024-08-31T12:48:29","modified_gmt":"2024-08-31T10:48:29","slug":"galleri-giza-egypten","status":"publish","type":"page","link":"https:\/\/jankotka.se\/index.php\/galleri-giza-egypten\/","title":{"rendered":"Galleri Giza, Egypten"},"content":{"rendered":"\n<div class=\"wp-block-group alignfull has-global-padding is-layout-constrained wp-block-group-is-layout-constrained\"><div class=\"pgc-sgb-cb wp-block-pgcsimplygalleryblock-viewer alignfull\" data-gallery-id=\"19823145\"><div class=\"sgb-preloader\" id=\"pr_19823145\">\n\t<div class=\"sgb-square\" style=\"background:#d4d4d4\"><\/div>\n\t<div class=\"sgb-square\" style=\"background:#d4d4d4\"><\/div>\n\t<div class=\"sgb-square\" style=\"background:#d4d4d4\"><\/div>\n\t<div class=\"sgb-square\" style=\"background:#d4d4d4\"><\/div><\/div><div class=\"simply-gallery-amp pgc_sgb_slider alignfull\"><noscript><div class=\"sgb-gallery\"><div class=\"sgb-item\"><a href=\"https:\/\/jankotka.se\/wp-content\/uploads\/2024\/08\/1053-Sakkare_kanal_Egypten_av_Jan_Kotka_korr.png\"><img decoding=\"async\" alt=\"\" width=\"375\" height=\"500\" loading=\"lazy\" src=\"https:\/\/jankotka.se\/wp-content\/uploads\/2024\/08\/1053-Sakkare_kanal_Egypten_av_Jan_Kotka_korr-375x500.png\" srcset=\"https:\/\/jankotka.se\/wp-content\/uploads\/2024\/08\/1053-Sakkare_kanal_Egypten_av_Jan_Kotka_korr-375x500.png 375w,https:\/\/jankotka.se\/wp-content\/uploads\/2024\/08\/1053-Sakkare_kanal_Egypten_av_Jan_Kotka_korr-768x1024.png 768w,https:\/\/jankotka.se\/wp-content\/uploads\/2024\/08\/1053-Sakkare_kanal_Egypten_av_Jan_Kotka_korr.png 960w\" sizes=\"auto, 250px\"\/><\/a><\/div><div class=\"sgb-item\"><a href=\"https:\/\/jankotka.se\/wp-content\/uploads\/2024\/08\/1034-Gravmalning_i_Giza_fiskare_i_kanot_av_Jan_Kotka-besk-korr.png\"><img decoding=\"async\" alt=\"\" width=\"500\" height=\"318\" loading=\"lazy\" src=\"https:\/\/jankotka.se\/wp-content\/uploads\/2024\/08\/1034-Gravmalning_i_Giza_fiskare_i_kanot_av_Jan_Kotka-besk-korr-500x318.png\" srcset=\"https:\/\/jankotka.se\/wp-content\/uploads\/2024\/08\/1034-Gravmalning_i_Giza_fiskare_i_kanot_av_Jan_Kotka-besk-korr-500x318.png 500w,https:\/\/jankotka.se\/wp-content\/uploads\/2024\/08\/1034-Gravmalning_i_Giza_fiskare_i_kanot_av_Jan_Kotka-besk-korr-1024x651.png 1024w,https:\/\/jankotka.se\/wp-content\/uploads\/2024\/08\/1034-Gravmalning_i_Giza_fiskare_i_kanot_av_Jan_Kotka-besk-korr.png 3374w\" sizes=\"auto, 250px\"\/><\/a><\/div><div class=\"sgb-item\"><a href=\"https:\/\/jankotka.se\/wp-content\/uploads\/2024\/08\/1201-Gravmalning_i_Giza_av_Jan_Kotka-besk-korr.png\"><img decoding=\"async\" alt=\"\" width=\"500\" height=\"373\" loading=\"lazy\" src=\"https:\/\/jankotka.se\/wp-content\/uploads\/2024\/08\/1201-Gravmalning_i_Giza_av_Jan_Kotka-besk-korr-500x373.png\" srcset=\"https:\/\/jankotka.se\/wp-content\/uploads\/2024\/08\/1201-Gravmalning_i_Giza_av_Jan_Kotka-besk-korr-500x373.png 500w,https:\/\/jankotka.se\/wp-content\/uploads\/2024\/08\/1201-Gravmalning_i_Giza_av_Jan_Kotka-besk-korr-1024x764.png 1024w,https:\/\/jankotka.se\/wp-content\/uploads\/2024\/08\/1201-Gravmalning_i_Giza_av_Jan_Kotka-besk-korr.png 3656w\" sizes=\"auto, 250px\"\/><\/a><\/div><div class=\"sgb-item\"><a href=\"https:\/\/jankotka.se\/wp-content\/uploads\/2024\/08\/1070-Bedjande_man_framfor_pyramiderna_i_Giza_av_Jan_Kotka_korr_besk_2.png\"><img decoding=\"async\" alt=\"\" width=\"500\" height=\"322\" loading=\"lazy\" src=\"https:\/\/jankotka.se\/wp-content\/uploads\/2024\/08\/1070-Bedjande_man_framfor_pyramiderna_i_Giza_av_Jan_Kotka_korr_besk_2-500x322.png\" srcset=\"https:\/\/jankotka.se\/wp-content\/uploads\/2024\/08\/1070-Bedjande_man_framfor_pyramiderna_i_Giza_av_Jan_Kotka_korr_besk_2-500x322.png 500w,https:\/\/jankotka.se\/wp-content\/uploads\/2024\/08\/1070-Bedjande_man_framfor_pyramiderna_i_Giza_av_Jan_Kotka_korr_besk_2-1024x659.png 1024w,https:\/\/jankotka.se\/wp-content\/uploads\/2024\/08\/1070-Bedjande_man_framfor_pyramiderna_i_Giza_av_Jan_Kotka_korr_besk_2.png 1229w\" sizes=\"auto, 250px\"\/><\/a><\/div><div class=\"sgb-item\"><a href=\"https:\/\/jankotka.se\/wp-content\/uploads\/2024\/08\/1025-Tempelflickan_Alexandra_i_Giza_Egypten_av_Jan_Kotka_besk_korr_x4.png\"><img decoding=\"async\" alt=\"\" width=\"435\" height=\"500\" loading=\"lazy\" src=\"https:\/\/jankotka.se\/wp-content\/uploads\/2024\/08\/1025-Tempelflickan_Alexandra_i_Giza_Egypten_av_Jan_Kotka_besk_korr_x4-435x500.png\" srcset=\"https:\/\/jankotka.se\/wp-content\/uploads\/2024\/08\/1025-Tempelflickan_Alexandra_i_Giza_Egypten_av_Jan_Kotka_besk_korr_x4-435x500.png 435w,https:\/\/jankotka.se\/wp-content\/uploads\/2024\/08\/1025-Tempelflickan_Alexandra_i_Giza_Egypten_av_Jan_Kotka_besk_korr_x4-891x1024.png 891w,https:\/\/jankotka.se\/wp-content\/uploads\/2024\/08\/1025-Tempelflickan_Alexandra_i_Giza_Egypten_av_Jan_Kotka_besk_korr_x4.png 1228w\" sizes=\"auto, 250px\"\/><\/a><\/div><div class=\"sgb-item\"><a href=\"https:\/\/jankotka.se\/wp-content\/uploads\/2024\/08\/1175-Flickan_och_korna_Zakkara_Giza_Egypten_av_Jan_Kotka_besk_korr_x4_bigjpg.png\"><img decoding=\"async\" alt=\"\" width=\"500\" height=\"348\" loading=\"lazy\" src=\"https:\/\/jankotka.se\/wp-content\/uploads\/2024\/08\/1175-Flickan_och_korna_Zakkara_Giza_Egypten_av_Jan_Kotka_besk_korr_x4_bigjpg-500x348.png\" srcset=\"https:\/\/jankotka.se\/wp-content\/uploads\/2024\/08\/1175-Flickan_och_korna_Zakkara_Giza_Egypten_av_Jan_Kotka_besk_korr_x4_bigjpg-500x348.png 500w,https:\/\/jankotka.se\/wp-content\/uploads\/2024\/08\/1175-Flickan_och_korna_Zakkara_Giza_Egypten_av_Jan_Kotka_besk_korr_x4_bigjpg-1024x712.png 1024w,https:\/\/jankotka.se\/wp-content\/uploads\/2024\/08\/1175-Flickan_och_korna_Zakkara_Giza_Egypten_av_Jan_Kotka_besk_korr_x4_bigjpg.png 1760w\" sizes=\"auto, 250px\"\/><\/a><\/div><div class=\"sgb-item\"><a href=\"https:\/\/jankotka.se\/wp-content\/uploads\/2024\/08\/1247-Sakkara_Giza_Egypten_1993-1995-av_Jan_Kotka_unsharpmask.png\"><img decoding=\"async\" alt=\"\" width=\"375\" height=\"500\" loading=\"lazy\" src=\"https:\/\/jankotka.se\/wp-content\/uploads\/2024\/08\/1247-Sakkara_Giza_Egypten_1993-1995-av_Jan_Kotka_unsharpmask-375x500.png\" srcset=\"https:\/\/jankotka.se\/wp-content\/uploads\/2024\/08\/1247-Sakkara_Giza_Egypten_1993-1995-av_Jan_Kotka_unsharpmask-375x500.png 375w,https:\/\/jankotka.se\/wp-content\/uploads\/2024\/08\/1247-Sakkara_Giza_Egypten_1993-1995-av_Jan_Kotka_unsharpmask-768x1024.png 768w,https:\/\/jankotka.se\/wp-content\/uploads\/2024\/08\/1247-Sakkara_Giza_Egypten_1993-1995-av_Jan_Kotka_unsharpmask.png 960w\" sizes=\"auto, 250px\"\/><\/a><\/div><div class=\"sgb-item\"><a href=\"https:\/\/jankotka.se\/wp-content\/uploads\/2024\/08\/1256-Tempelvakt_Giza_Egypten_1993-1995_av_Jan_Kotka_besk_korr_x4.png\"><img decoding=\"async\" alt=\"\" width=\"353\" height=\"500\" loading=\"lazy\" src=\"https:\/\/jankotka.se\/wp-content\/uploads\/2024\/08\/1256-Tempelvakt_Giza_Egypten_1993-1995_av_Jan_Kotka_besk_korr_x4-353x500.png\" srcset=\"https:\/\/jankotka.se\/wp-content\/uploads\/2024\/08\/1256-Tempelvakt_Giza_Egypten_1993-1995_av_Jan_Kotka_besk_korr_x4-353x500.png 353w,https:\/\/jankotka.se\/wp-content\/uploads\/2024\/08\/1256-Tempelvakt_Giza_Egypten_1993-1995_av_Jan_Kotka_besk_korr_x4-723x1024.png 723w,https:\/\/jankotka.se\/wp-content\/uploads\/2024\/08\/1256-Tempelvakt_Giza_Egypten_1993-1995_av_Jan_Kotka_besk_korr_x4.png 1180w\" sizes=\"auto, 250px\"\/><\/a><\/div><div class=\"sgb-item\"><a href=\"https:\/\/jankotka.se\/wp-content\/uploads\/2024\/08\/1266-Pyramid_of_Djoser_Egypten_av_Jan_Kotka_besk_korr_2.png\"><img decoding=\"async\" alt=\"\" width=\"500\" height=\"320\" loading=\"lazy\" src=\"https:\/\/jankotka.se\/wp-content\/uploads\/2024\/08\/1266-Pyramid_of_Djoser_Egypten_av_Jan_Kotka_besk_korr_2-500x320.png\" srcset=\"https:\/\/jankotka.se\/wp-content\/uploads\/2024\/08\/1266-Pyramid_of_Djoser_Egypten_av_Jan_Kotka_besk_korr_2-500x320.png 500w,https:\/\/jankotka.se\/wp-content\/uploads\/2024\/08\/1266-Pyramid_of_Djoser_Egypten_av_Jan_Kotka_besk_korr_2-1024x655.png 1024w,https:\/\/jankotka.se\/wp-content\/uploads\/2024\/08\/1266-Pyramid_of_Djoser_Egypten_av_Jan_Kotka_besk_korr_2.png 1222w\" sizes=\"auto, 250px\"\/><\/a><div class=\"sgb-item-caption\"><em>Pyramid of Djoser, ibland kallad den steg-pyramiden och den \u00e4ldsta och f\u00f6rsta. Byggd 2700 BCE. Djoser var f\u00f6rsta och andra kungen \u00f6ver Egypten. Ligger i Sakkara, n\u00e4ra Giza, Egypten. 1993-95.\n\n<\/em><\/div><\/div><\/div><\/noscript><\/div><script type=\"application\/json\" class=\"sgb-data\">{\"galleryType\":\"pgc_sgb_viewer\",\"align\":\"full\",\"galleryId\":\"19823145\",\"images\":[{\"id\":321,\"title\":\"1053 Sakkara Kanal -  Egypten\",\"url\":\"https:\/\/jankotka.se\/wp-content\/uploads\/2024\/08\/1053-Sakkare_kanal_Egypten_av_Jan_Kotka_korr.png\",\"link\":\"https:\/\/jankotka.se\/1053-sakkare_kanal_egypten_av_jan_kotka_korr\/\",\"alt\":\"\",\"description\":\"\",\"caption\":\"\",\"mime\":\"image\/png\",\"type\":\"image\",\"width\":960,\"height\":1280,\"sizes\":{\"thumbnail\":{\"height\":250,\"width\":250,\"url\":\"https:\/\/jankotka.se\/wp-content\/uploads\/2024\/08\/1053-Sakkare_kanal_Egypten_av_Jan_Kotka_korr-250x250.png\",\"orientation\":\"landscape\"},\"medium\":{\"height\":500,\"width\":375,\"url\":\"https:\/\/jankotka.se\/wp-content\/uploads\/2024\/08\/1053-Sakkare_kanal_Egypten_av_Jan_Kotka_korr-375x500.png\",\"orientation\":\"portrait\"},\"large\":{\"height\":1024,\"width\":768,\"url\":\"https:\/\/jankotka.se\/wp-content\/uploads\/2024\/08\/1053-Sakkare_kanal_Egypten_av_Jan_Kotka_korr-768x1024.png\",\"orientation\":\"portrait\"},\"full\":{\"url\":\"https:\/\/jankotka.se\/wp-content\/uploads\/2024\/08\/1053-Sakkare_kanal_Egypten_av_Jan_Kotka_korr.png\",\"height\":1280,\"width\":960,\"orientation\":\"portrait\"}},\"imageMeta\":{\"aperture\":\"0\",\"credit\":\"\",\"camera\":\"\",\"caption\":\"\",\"created_timestamp\":\"0\",\"copyright\":\"\",\"focal_length\":\"0\",\"iso\":\"0\",\"shutter_speed\":\"0\",\"title\":\"\",\"orientation\":\"0\",\"keywords\":[]},\"meta\":false},{\"id\":302,\"title\":\"1034 Gravm\u00e5lning i Giza,\",\"url\":\"https:\/\/jankotka.se\/wp-content\/uploads\/2024\/08\/1034-Gravmalning_i_Giza_fiskare_i_kanot_av_Jan_Kotka-besk-korr.png\",\"link\":\"https:\/\/jankotka.se\/index.php\/pgc_simply_gallery\/giza\/1034-gravmalning_i_giza_fiskare_i_kanot_av_jan_kotka-besk-korr\/\",\"alt\":\"\",\"description\":\"\",\"caption\":\"\",\"mime\":\"image\/png\",\"type\":\"image\",\"width\":3374,\"height\":2145,\"sizes\":{\"thumbnail\":{\"height\":250,\"width\":250,\"url\":\"https:\/\/jankotka.se\/wp-content\/uploads\/2024\/08\/1034-Gravmalning_i_Giza_fiskare_i_kanot_av_Jan_Kotka-besk-korr-250x250.png\",\"orientation\":\"landscape\"},\"medium\":{\"height\":318,\"width\":500,\"url\":\"https:\/\/jankotka.se\/wp-content\/uploads\/2024\/08\/1034-Gravmalning_i_Giza_fiskare_i_kanot_av_Jan_Kotka-besk-korr-500x318.png\",\"orientation\":\"landscape\"},\"large\":{\"height\":651,\"width\":1024,\"url\":\"https:\/\/jankotka.se\/wp-content\/uploads\/2024\/08\/1034-Gravmalning_i_Giza_fiskare_i_kanot_av_Jan_Kotka-besk-korr-1024x651.png\",\"orientation\":\"landscape\"},\"full\":{\"url\":\"https:\/\/jankotka.se\/wp-content\/uploads\/2024\/08\/1034-Gravmalning_i_Giza_fiskare_i_kanot_av_Jan_Kotka-besk-korr.png\",\"height\":2145,\"width\":3374,\"orientation\":\"landscape\"}},\"imageMeta\":{\"aperture\":\"0\",\"credit\":\"\",\"camera\":\"\",\"caption\":\"\",\"created_timestamp\":\"0\",\"copyright\":\"\",\"focal_length\":\"0\",\"iso\":\"0\",\"shutter_speed\":\"0\",\"title\":\"\",\"orientation\":\"0\",\"keywords\":[]},\"meta\":false},{\"id\":307,\"title\":\"1201 Gravm\u00e5lning i Giza,\",\"url\":\"https:\/\/jankotka.se\/wp-content\/uploads\/2024\/08\/1201-Gravmalning_i_Giza_av_Jan_Kotka-besk-korr.png\",\"link\":\"https:\/\/jankotka.se\/index.php\/pgc_simply_gallery\/giza\/1201-gravmalning_i_giza_av_jan_kotka-besk-korr\/\",\"alt\":\"\",\"description\":\"\",\"caption\":\"\",\"mime\":\"image\/png\",\"type\":\"image\",\"width\":3656,\"height\":2728,\"sizes\":{\"thumbnail\":{\"height\":250,\"width\":250,\"url\":\"https:\/\/jankotka.se\/wp-content\/uploads\/2024\/08\/1201-Gravmalning_i_Giza_av_Jan_Kotka-besk-korr-250x250.png\",\"orientation\":\"landscape\"},\"medium\":{\"height\":373,\"width\":500,\"url\":\"https:\/\/jankotka.se\/wp-content\/uploads\/2024\/08\/1201-Gravmalning_i_Giza_av_Jan_Kotka-besk-korr-500x373.png\",\"orientation\":\"landscape\"},\"large\":{\"height\":764,\"width\":1024,\"url\":\"https:\/\/jankotka.se\/wp-content\/uploads\/2024\/08\/1201-Gravmalning_i_Giza_av_Jan_Kotka-besk-korr-1024x764.png\",\"orientation\":\"landscape\"},\"full\":{\"url\":\"https:\/\/jankotka.se\/wp-content\/uploads\/2024\/08\/1201-Gravmalning_i_Giza_av_Jan_Kotka-besk-korr.png\",\"height\":2728,\"width\":3656,\"orientation\":\"landscape\"}},\"imageMeta\":{\"aperture\":\"0\",\"credit\":\"\",\"camera\":\"\",\"caption\":\"\",\"created_timestamp\":\"0\",\"copyright\":\"\",\"focal_length\":\"0\",\"iso\":\"0\",\"shutter_speed\":\"0\",\"title\":\"\",\"orientation\":\"0\",\"keywords\":[]},\"meta\":false},{\"id\":448,\"title\":\"1070 Bedjande man framf\u00f6r pyramiderna i Giza\",\"url\":\"https:\/\/jankotka.se\/wp-content\/uploads\/2024\/08\/1070-Bedjande_man_framfor_pyramiderna_i_Giza_av_Jan_Kotka_korr_besk_2.png\",\"link\":\"https:\/\/jankotka.se\/index.php\/pgc_simply_gallery\/giza\/1070-bedjande_man_framfor_pyramiderna_i_giza_av_jan_kotka_korr_besk_2\/\",\"alt\":\"\",\"description\":\"\",\"caption\":\"\",\"mime\":\"image\/png\",\"type\":\"image\",\"width\":1229,\"height\":791,\"sizes\":{\"thumbnail\":{\"height\":250,\"width\":250,\"url\":\"https:\/\/jankotka.se\/wp-content\/uploads\/2024\/08\/1070-Bedjande_man_framfor_pyramiderna_i_Giza_av_Jan_Kotka_korr_besk_2-250x250.png\",\"orientation\":\"landscape\"},\"medium\":{\"height\":322,\"width\":500,\"url\":\"https:\/\/jankotka.se\/wp-content\/uploads\/2024\/08\/1070-Bedjande_man_framfor_pyramiderna_i_Giza_av_Jan_Kotka_korr_besk_2-500x322.png\",\"orientation\":\"landscape\"},\"large\":{\"height\":659,\"width\":1024,\"url\":\"https:\/\/jankotka.se\/wp-content\/uploads\/2024\/08\/1070-Bedjande_man_framfor_pyramiderna_i_Giza_av_Jan_Kotka_korr_besk_2-1024x659.png\",\"orientation\":\"landscape\"},\"full\":{\"url\":\"https:\/\/jankotka.se\/wp-content\/uploads\/2024\/08\/1070-Bedjande_man_framfor_pyramiderna_i_Giza_av_Jan_Kotka_korr_besk_2.png\",\"height\":791,\"width\":1229,\"orientation\":\"landscape\"}},\"imageMeta\":{\"aperture\":\"0\",\"credit\":\"\",\"camera\":\"\",\"caption\":\"\",\"created_timestamp\":\"0\",\"copyright\":\"\",\"focal_length\":\"0\",\"iso\":\"0\",\"shutter_speed\":\"0\",\"title\":\"\",\"orientation\":\"0\",\"keywords\":[]},\"meta\":false},{\"id\":313,\"title\":\"1025 Tempelflickan Alexandra i Giza, Egypten\",\"url\":\"https:\/\/jankotka.se\/wp-content\/uploads\/2024\/08\/1025-Tempelflickan_Alexandra_i_Giza_Egypten_av_Jan_Kotka_besk_korr_x4.png\",\"link\":\"https:\/\/jankotka.se\/index.php\/pgc_simply_gallery\/giza\/1025-tempelflickan_alexandra_i_giza_egypten_av_jan_kotka_besk_korr_x4\/\",\"alt\":\"\",\"description\":\"\",\"caption\":\"\",\"mime\":\"image\/png\",\"type\":\"image\",\"width\":1228,\"height\":1412,\"sizes\":{\"thumbnail\":{\"height\":250,\"width\":250,\"url\":\"https:\/\/jankotka.se\/wp-content\/uploads\/2024\/08\/1025-Tempelflickan_Alexandra_i_Giza_Egypten_av_Jan_Kotka_besk_korr_x4-250x250.png\",\"orientation\":\"landscape\"},\"medium\":{\"height\":500,\"width\":435,\"url\":\"https:\/\/jankotka.se\/wp-content\/uploads\/2024\/08\/1025-Tempelflickan_Alexandra_i_Giza_Egypten_av_Jan_Kotka_besk_korr_x4-435x500.png\",\"orientation\":\"portrait\"},\"large\":{\"height\":1024,\"width\":891,\"url\":\"https:\/\/jankotka.se\/wp-content\/uploads\/2024\/08\/1025-Tempelflickan_Alexandra_i_Giza_Egypten_av_Jan_Kotka_besk_korr_x4-891x1024.png\",\"orientation\":\"portrait\"},\"full\":{\"url\":\"https:\/\/jankotka.se\/wp-content\/uploads\/2024\/08\/1025-Tempelflickan_Alexandra_i_Giza_Egypten_av_Jan_Kotka_besk_korr_x4.png\",\"height\":1412,\"width\":1228,\"orientation\":\"portrait\"}},\"imageMeta\":{\"aperture\":\"0\",\"credit\":\"\",\"camera\":\"\",\"caption\":\"\",\"created_timestamp\":\"0\",\"copyright\":\"\",\"focal_length\":\"0\",\"iso\":\"0\",\"shutter_speed\":\"0\",\"title\":\"\",\"orientation\":\"0\",\"keywords\":[]},\"meta\":false},{\"id\":314,\"title\":\"1175 Flickan och korna, Zakkara, Egypten\",\"url\":\"https:\/\/jankotka.se\/wp-content\/uploads\/2024\/08\/1175-Flickan_och_korna_Zakkara_Giza_Egypten_av_Jan_Kotka_besk_korr_x4_bigjpg.png\",\"link\":\"https:\/\/jankotka.se\/index.php\/pgc_simply_gallery\/giza\/1175-flickan_och_korna_zakkara_giza_egypten_av_jan_kotka_besk_korr_x4_bigjpg\/\",\"alt\":\"\",\"description\":\"\",\"caption\":\"\",\"mime\":\"image\/png\",\"type\":\"image\",\"width\":1760,\"height\":1224,\"sizes\":{\"thumbnail\":{\"height\":250,\"width\":250,\"url\":\"https:\/\/jankotka.se\/wp-content\/uploads\/2024\/08\/1175-Flickan_och_korna_Zakkara_Giza_Egypten_av_Jan_Kotka_besk_korr_x4_bigjpg-250x250.png\",\"orientation\":\"landscape\"},\"medium\":{\"height\":348,\"width\":500,\"url\":\"https:\/\/jankotka.se\/wp-content\/uploads\/2024\/08\/1175-Flickan_och_korna_Zakkara_Giza_Egypten_av_Jan_Kotka_besk_korr_x4_bigjpg-500x348.png\",\"orientation\":\"landscape\"},\"large\":{\"height\":712,\"width\":1024,\"url\":\"https:\/\/jankotka.se\/wp-content\/uploads\/2024\/08\/1175-Flickan_och_korna_Zakkara_Giza_Egypten_av_Jan_Kotka_besk_korr_x4_bigjpg-1024x712.png\",\"orientation\":\"landscape\"},\"full\":{\"url\":\"https:\/\/jankotka.se\/wp-content\/uploads\/2024\/08\/1175-Flickan_och_korna_Zakkara_Giza_Egypten_av_Jan_Kotka_besk_korr_x4_bigjpg.png\",\"height\":1224,\"width\":1760,\"orientation\":\"landscape\"}},\"imageMeta\":{\"aperture\":\"0\",\"credit\":\"\",\"camera\":\"\",\"caption\":\"\",\"created_timestamp\":\"0\",\"copyright\":\"\",\"focal_length\":\"0\",\"iso\":\"0\",\"shutter_speed\":\"0\",\"title\":\"\",\"orientation\":\"0\",\"keywords\":[]},\"meta\":false},{\"id\":315,\"title\":\"1247 Sakkara, Egypten,\",\"url\":\"https:\/\/jankotka.se\/wp-content\/uploads\/2024\/08\/1247-Sakkara_Giza_Egypten_1993-1995-av_Jan_Kotka_unsharpmask.png\",\"link\":\"https:\/\/jankotka.se\/index.php\/pgc_simply_gallery\/giza\/1247-sakkara_giza_egypten_1993-1995-av_jan_kotka_unsharpmask\/\",\"alt\":\"\",\"description\":\"\",\"caption\":\"\",\"mime\":\"image\/png\",\"type\":\"image\",\"width\":960,\"height\":1280,\"sizes\":{\"thumbnail\":{\"height\":250,\"width\":250,\"url\":\"https:\/\/jankotka.se\/wp-content\/uploads\/2024\/08\/1247-Sakkara_Giza_Egypten_1993-1995-av_Jan_Kotka_unsharpmask-250x250.png\",\"orientation\":\"landscape\"},\"medium\":{\"height\":500,\"width\":375,\"url\":\"https:\/\/jankotka.se\/wp-content\/uploads\/2024\/08\/1247-Sakkara_Giza_Egypten_1993-1995-av_Jan_Kotka_unsharpmask-375x500.png\",\"orientation\":\"portrait\"},\"large\":{\"height\":1024,\"width\":768,\"url\":\"https:\/\/jankotka.se\/wp-content\/uploads\/2024\/08\/1247-Sakkara_Giza_Egypten_1993-1995-av_Jan_Kotka_unsharpmask-768x1024.png\",\"orientation\":\"portrait\"},\"full\":{\"url\":\"https:\/\/jankotka.se\/wp-content\/uploads\/2024\/08\/1247-Sakkara_Giza_Egypten_1993-1995-av_Jan_Kotka_unsharpmask.png\",\"height\":1280,\"width\":960,\"orientation\":\"portrait\"}},\"imageMeta\":{\"aperture\":\"0\",\"credit\":\"\",\"camera\":\"\",\"caption\":\"\",\"created_timestamp\":\"0\",\"copyright\":\"\",\"focal_length\":\"0\",\"iso\":\"0\",\"shutter_speed\":\"0\",\"title\":\"\",\"orientation\":\"0\",\"keywords\":[]},\"meta\":false},{\"id\":316,\"title\":\"1256 Tempelvakt Giza, Egypten, 1993-1995\",\"url\":\"https:\/\/jankotka.se\/wp-content\/uploads\/2024\/08\/1256-Tempelvakt_Giza_Egypten_1993-1995_av_Jan_Kotka_besk_korr_x4.png\",\"link\":\"https:\/\/jankotka.se\/index.php\/pgc_simply_gallery\/giza\/1256-tempelvakt_giza_egypten_1993-1995_av_jan_kotka_besk_korr_x4\/\",\"alt\":\"\",\"description\":\"\",\"caption\":\"\",\"mime\":\"image\/png\",\"type\":\"image\",\"width\":1180,\"height\":1672,\"sizes\":{\"thumbnail\":{\"height\":250,\"width\":250,\"url\":\"https:\/\/jankotka.se\/wp-content\/uploads\/2024\/08\/1256-Tempelvakt_Giza_Egypten_1993-1995_av_Jan_Kotka_besk_korr_x4-250x250.png\",\"orientation\":\"landscape\"},\"medium\":{\"height\":500,\"width\":353,\"url\":\"https:\/\/jankotka.se\/wp-content\/uploads\/2024\/08\/1256-Tempelvakt_Giza_Egypten_1993-1995_av_Jan_Kotka_besk_korr_x4-353x500.png\",\"orientation\":\"portrait\"},\"large\":{\"height\":1024,\"width\":723,\"url\":\"https:\/\/jankotka.se\/wp-content\/uploads\/2024\/08\/1256-Tempelvakt_Giza_Egypten_1993-1995_av_Jan_Kotka_besk_korr_x4-723x1024.png\",\"orientation\":\"portrait\"},\"full\":{\"url\":\"https:\/\/jankotka.se\/wp-content\/uploads\/2024\/08\/1256-Tempelvakt_Giza_Egypten_1993-1995_av_Jan_Kotka_besk_korr_x4.png\",\"height\":1672,\"width\":1180,\"orientation\":\"portrait\"}},\"imageMeta\":{\"aperture\":\"0\",\"credit\":\"\",\"camera\":\"\",\"caption\":\"\",\"created_timestamp\":\"0\",\"copyright\":\"\",\"focal_length\":\"0\",\"iso\":\"0\",\"shutter_speed\":\"0\",\"title\":\"\",\"orientation\":\"0\",\"keywords\":[]},\"meta\":false},{\"id\":450,\"title\":\"1266 Pyramid of Djoser, Egypten (\u00e4ldsta och f\u00f6rsta pyramiden)\",\"url\":\"https:\/\/jankotka.se\/wp-content\/uploads\/2024\/08\/1266-Pyramid_of_Djoser_Egypten_av_Jan_Kotka_besk_korr_2.png\",\"link\":\"https:\/\/jankotka.se\/index.php\/pgc_simply_gallery\/giza\/1266-pyramid_of_djoser_egypten_av_jan_kotka_besk_korr_2\/\",\"alt\":\"\",\"description\":\"\",\"caption\":\"Pyramid of Djoser, ibland kallad den steg-pyramiden och den \u00e4ldsta och f\u00f6rsta. Byggd 2700 BCE. Djoser var f\u00f6rsta och andra kungen \u00f6ver Egypten. Ligger i Sakkara, n\u00e4ra Giza, Egypten. 1993-95.\\n\\n\",\"mime\":\"image\/png\",\"type\":\"image\",\"width\":1222,\"height\":782,\"sizes\":{\"thumbnail\":{\"height\":250,\"width\":250,\"url\":\"https:\/\/jankotka.se\/wp-content\/uploads\/2024\/08\/1266-Pyramid_of_Djoser_Egypten_av_Jan_Kotka_besk_korr_2-250x250.png\",\"orientation\":\"landscape\"},\"medium\":{\"height\":320,\"width\":500,\"url\":\"https:\/\/jankotka.se\/wp-content\/uploads\/2024\/08\/1266-Pyramid_of_Djoser_Egypten_av_Jan_Kotka_besk_korr_2-500x320.png\",\"orientation\":\"landscape\"},\"large\":{\"height\":655,\"width\":1024,\"url\":\"https:\/\/jankotka.se\/wp-content\/uploads\/2024\/08\/1266-Pyramid_of_Djoser_Egypten_av_Jan_Kotka_besk_korr_2-1024x655.png\",\"orientation\":\"landscape\"},\"full\":{\"url\":\"https:\/\/jankotka.se\/wp-content\/uploads\/2024\/08\/1266-Pyramid_of_Djoser_Egypten_av_Jan_Kotka_besk_korr_2.png\",\"height\":782,\"width\":1222,\"orientation\":\"landscape\"}},\"imageMeta\":{\"aperture\":\"0\",\"credit\":\"\",\"camera\":\"\",\"caption\":\"\",\"created_timestamp\":\"0\",\"copyright\":\"\",\"focal_length\":\"0\",\"iso\":\"0\",\"shutter_speed\":\"0\",\"title\":\"\",\"orientation\":\"0\",\"keywords\":[]},\"meta\":false}],\"useClobalSettings\":true,\"sliderRatio\":0.55,\"sliderItemTitleFontSize\":16,\"sliderItemDescriptionEnable\":true,\"sliderBgColor\":\"rgba(255,247,164,1)\",\"sliderHeaderFooterBgColor\":\"rgba(36,78,138,1)\",\"sliderNavigationColor\":\"rgba(36,78,138,1)\",\"sliderNavigationIconColorOver\":\"rgba(56,98,159,1)\",\"collectionColumns\":5,\"collectionThumbRecomendedWidth\":200,\"itemsMetaDataCollection\":[]}<\/script><script>(function(){if(window.PGC_SGB && window.PGC_SGB.searcher){window.PGC_SGB.searcher.initBlocks()}})()<\/script><\/div><\/div>\n","protected":false},"excerpt":{"rendered":"","protected":false},"author":1,"featured_media":0,"parent":0,"menu_order":0,"comment_status":"closed","ping_status":"closed","template":"","meta":{"pgc_sgb_lightbox_settings":"","footnotes":""},"class_list":["post-318","page","type-page","status-publish","hentry"],"_links":{"self":[{"href":"https:\/\/jankotka.se\/index.php\/wp-json\/wp\/v2\/pages\/318","targetHints":{"allow":["GET"]}}],"collection":[{"href":"https:\/\/jankotka.se\/index.php\/wp-json\/wp\/v2\/pages"}],"about":[{"href":"https:\/\/jankotka.se\/index.php\/wp-json\/wp\/v2\/types\/page"}],"author":[{"embeddable":true,"href":"https:\/\/jankotka.se\/index.php\/wp-json\/wp\/v2\/users\/1"}],"replies":[{"embeddable":true,"href":"https:\/\/jankotka.se\/index.php\/wp-json\/wp\/v2\/comments?post=318"}],"version-history":[{"count":1,"href":"https:\/\/jankotka.se\/index.php\/wp-json\/wp\/v2\/pages\/318\/revisions"}],"predecessor-version":[{"id":319,"href":"https:\/\/jankotka.se\/index.php\/wp-json\/wp\/v2\/pages\/318\/revisions\/319"}],"wp:attachment":[{"href":"https:\/\/jankotka.se\/index.php\/wp-json\/wp\/v2\/media?parent=318"}],"curies":[{"name":"wp","href":"https:\/\/api.w.org\/{rel}","templated":true}]}}